v(-5).
-4
Let i(y) be the third derivative of 3*y**2 + 0*y + 1/2*y**3 + 0 - 1/12*y**4. Suppose -3*w - 4*b - 3 = 0, 5*w - 4*b + 37 = -0*b. Calculate i(w).
13
Let n(u) = u. Let s(d) = 11*d + 16. Let i be (-8)/2 - 8/(-4). Let f be s(i). What is n(f)?
-6
Let o(d) = -d**2 - d + 2. Let z be ((-5)/(-1))/((-3)/(-9)). Suppose 6*a - 3 = -z. Calculate o(a).
0
Let s(c) be the second derivative of c**5/30 - c**4/24 + c**3/6 - 9*c**2 + c. Let q(t) be the first derivative of s(t). Calculate q(1).
2
Let p be (4/(-5))/(6/(-60)). Let q(z) = 7 - 12*z**2 + p*z**2 + 10*z + 6*z**2. What is q(-6)?
19
Let p(d) = 5*d + 5. Let s(i) = -i + 3. Let f = 39 + -32. Let l be s(f). Let a be 3 - (l + 2 + 9). Give p(a).
-15
Let o = 6 + -5. Let l(d) = d**2 - 2*d + 2. Let a be l(o). Let x(n) = -6*n - 4. Let y(h) = -6*h - 5. Let i(u) = 6*x(u) - 5*y(u). Determine i(a).
-5
Let s(u) = u**2 - 8*u - 1. Let z be (-3)/((-6)/(-4)) + 16. Suppose z*g - 97 = -13. Calculate s(g).
-13
Let g(j) = 2*j + 8. Let t be g(-2). Suppose 4*x - t = 0, -x + 18 = 3*f + 2*x. Let m(b) = b**3 - 4*b**2 - 6*b + 5. Calculate m(f).
0
Let c(p) = -p - 3. Let q(x) = 10*x - 2*x - 1 - 7*x + 3. Suppose 5*t + 35 = -0*t. Let s(h) = t*q(h) - 6*c(h). Calculate s(3).
1
Suppose -2*u = -6*u + 12. Suppose -n - 5*x = -4*n + 8, u*x + 3 = 0. Let s(w) = n + 2*w - 6*w + w**2 + 3*w - w**3. Calculate s(0).
1
Let h(z) = 5*z + 8. Suppose 0 = 130*s - 98*s + 96. Calculate h(s).
-7
Let b be 1/(-1)*0/4. Suppose b = -l + 5*l. Let z(q) = q - 11. What is z(l)?
-11
Let t(x) = -x + 2. Let a be t(-3). Suppose -5*u + 3*n - 2 = 0, -u + a*u = n + 4. Let m(r) = r - 3*r + r - u*r. Give m(-1).
3
Let m(u) = 15*u - 3 + 36 - 3*u. Let o(q) = 3*q + 8. Let l(c) = -5*m(c) + 21*o(c). Calculate l(3).
12
Let o(d) = d**2 + 6*d - 7. Let a = -30 - -36. Let g be (-80)/12 + ((-8)/a - -1). What is o(g)?
0
Let x(i) be the first derivative of -i**2 + 95. Calculate x(3).
-6
Let a(q) = q**2. Let x be a(2). Let z be (-2 + 1/1)*x. Let u(j) = j + 1. Determine u(z).
-3
Suppose 3*h + 3*i = -h - 76, -h - 24 = 2*i. Let u = h + 19. Let l(s) = 1 - 3*s**2 + 6 - s**u - 5. What is l(-2)?
-2
Let p(b) = -b**2 - b - 17. Let j = 313 - 313. Give p(j).
-17
Suppose m = -2*m - 4*c - 3, -m - 9 = 4*c. Let k(v) be the third derivative of 1/8*v**4 - 5*v**2 + 1/6*v**3 + 0*v + 0. Calculate k(m).
10
Let g(j) = j**2 + 4*j + 4. Let n(v) = 0*v**2 - 2*v**2 - 2 - 8 - 10*v. Suppose 3*h + 4*f = 56, 4*h + 3*f - 52 = 11. Let x(u) = h*g(u) + 5*n(u). Give x(2).
2
Suppose -v + 8 = 3*v. Let p(m) = -5*m + 0*m**2 + m**v - 1 - 1 + 0. Let k = -2 + 7. Determine p(k).
-2
Let m(a) = 4*a + 52. Let c(b) = 5*b + 55. Let j(t) = -6*c(t) + 7*m(t). Give j(19).
-4
Let f(r) = r**3 - 12 - r + 20*r + 5*r**2 - 11*r + 5*r**2. Let y be f(-9). Let q(s) be the first derivative of -s**4/4 - s**3/3 + 2*s**2 - s - 1. Determine q(y).
5
Suppose 30 = -3*x + 12. Let a(u) be the first derivative of -u**4/4 - 2*u**3 - 7*u + 1. Determine a(x).
-7
Let v = -51 - -57. Let p be 2/1 - v*(-3)/(-18). Let m(l) = 2*l - 1. Give m(p).
1
Let u be (-3*1)/(-7 - -4). Let h(g) = 9*g - 1. Let i(t) = t - 4 + 7 - 3. Let o(r) = -h(r) + 4*i(r). Determine o(u).
-4
Let v(w) = -4 - w + 0 - 1 - 1 - 2. Calculate v(-4).
-4
Suppose 0 = -2*i - g + 14, -4*i = -3*i + g - 5. Let w(q) = q - i*q**2 + q**3 + 2 + 6*q**2 - 5*q. Calculate w(3).
-10
Let j(x) = x**2 + 4*x - 1. Let y be (-8 - 33/(-4)) + (-1190)/(-8). Let a = 143 - y. Determine j(a).
11
Let h = 1543 + -1537. Let n(u) = -u**2 + 7*u - 2. Calculate n(h).
4
Let j(l) = -10*l - 1. Let o be (-1 - -4)/(4/4). Let u = 6 + -4. Suppose o*c + 4*b = -15, 4 = u*c - b - b. Give j(c).
9
Let i(l) = -18 - l + 10 - 2*l. Let o = -11 + 5. Determine i(o).
10
Let z(y) be the third derivative of 0 + 5/6*y**3 - 1/12*y**4 + 0*y - 10*y**2. Give z(5).
-5
Let y(f) = -4*f - 16. Let a(m) = -1. Let h(n) = 4*a(n) - y(n). Let x be h(-4). Let l(w) = w**3 + 2*w**2 - 4*w + 4. Determine l(x).
-12
Let t be 134/1407 + (-4)/42. Let y(p) = p**2 + 2*p + 11. Give y(t).
11
Suppose p + 1 = -0*p. Let x(s) = -19*s. Let r(a) = 34*a. Let g(i) = -6*r(i) - 11*x(i). What is g(p)?
-5
Let j = -4 - -2. Let z(v) be the first derivative of v**6/90 + v**5/40 + 20*v**3/3 - 16. Let d(g) be the third derivative of z(g). What is d(j)?
10
Let r(d) = -3*d**3 + 6*d**2 - 7. Let i(w) = -4*w**3 + 7*w**2 - 8. Let s(o) = 4*i(o) - 5*r(o). Determine s(0).
3
Let w(t) = t + 9. Let k(p) = 49*p**3 - p - 2. Let m be k(-1). Let q be (-22)/(-4) + (-15)/m*5. What is w(q)?
16
Let w(l) = -l**3 + 11*l**2 + 13*l - 5. Let q be (-84)/(-8) - 9/(-6). Determine w(q).
7
Suppose 26 = 11*h - 29. Suppose h*q = 67 - 47. Let d(v) = -7*v + 5. Let y(n) = 20*n - 15. Let g(z) = -17*d(z) - 6*y(z). Determine g(q).
1
Let t(z) be the third derivative of 5*z**4/24 - z**3/3 + 46*z**2. Determine t(3).
13
Let t(a) = a**2 + 265*a + 3*a**3 + 3 - 527*a + 265*a + 0*a**2. Give t(-2).
-23
Suppose n - 166 = -151. Let t = 3 + -1. Let x(b) = -b**3 + 9*b - t*b + 10*b**2 - n*b**2 - 1. Calculate x(-6).
-7
Let l(t) be the first derivative of -t**3/3 - t**2/2 + 8*t + 287. Calculate l(3).
-4
Let m(r) = 8*r**2 + 8*r - 9. Let a(p) be the third derivative of -7*p**5/60 - 7*p**4/24 + 4*p**3/3 + 16*p**2. Let t(b) = 7*a(b) + 6*m(b). Give t(0).
2
Suppose -39*b - 77 - 1 = 0. Let r(z) = -1 - 2*z**3 + z**3 + z + z - z. Calculate r(b).
5
Suppose 14 + 34 = -8*a. Let x(z) = z**2 + 6*z + 1. Determine x(a).
1
Let h = 1 - 3. Let y(t) = -t**2 - 6*t - 2. Let u be y(-2). Let l(w) = -2*w - u*w**2 + 1 + 8*w**2 - 3*w**2. What is l(h)?
1
Suppose -5*p = -4*p - 5*p. Let t(g) = p + g**2 + 0 + 6 + 13*g - 19*g. Give t(6).
6
Let t(n) be the third derivative of -n**4/24 - n**3/3 - 39*n**2. Let g be 1/(1/5) + 0. Calculate t(g).
-7
Let b be 1/(11/2) + (-1007)/(-209). Let q(f) be the third derivative of f**4/12 - 7*f**3/6 + 4*f**2. Give q(b).
3
Let d = 0 - -5. Let g(w) = -w**3 - w**2 + 9. Let o(p) = -3*p**3 - 2*p**2 + 17. Let a(b) = d*g(b) - 2*o(b). Let l = -2 - -2. Calculate a(l).
11
Let i = -26 + 15. Let s(m) = 5*m + 5. Let c(l) = 9*l + 9. Let y(x) = i*s(x) + 6*c(x). What is y(6)?
-7
Suppose -9*d + 108 = -13*d. Let u = 27 + d. Let a(y) = 0 - y + 2 + 1 - y**2. Determine a(u).
3
Let b(n) = 14*n - 27. Let f(g) = 9*g - 18. Let k(c) = -5*b(c) + 8*f(c). Let p = -690 - -697. Determine k(p).
5
Let j(u) be the first derivative of 5*u**4/4 + u**3/3 + u**2/2 + u - 18. Give j(-1).
-4
Suppose 4*t + 8 = 0, -t + 6*t = 4*a + 2. Let z(d) = 12*d - 3. Determine z(a).
-39
Suppose 4*k - 6 = 4*y - 14, 5*k = y - 2. Suppose 29*a - 24*a + 5 = k. Let b(r) = 14*r - 7*r - 6*r. What is b(a)?
-1
Let o(j) = j**3 - 6*j**2 + 5*j - 1. Suppose 6*z = 9*z + m - 14, 0 = -4*m - 4. Calculate o(z).
-1
Let s(p) = 6 - p**3 - 6*p**2 - 5*p + 8*p**2 - 3*p**2 - 5*p**2. Let w be s(-5). Let z(m) = -m**3 + 7*m**2 - 6*m + 9. Calculate z(w).
9
Let a = 8 - 8. Let x(y) = y + a*y - 3*y + y - 5. Determine x(-6).
1
Suppose 3*n - 31 - 17 = 0. Let y(t) = 21*t - 34*t + 2 + n*t. What is y(-3)?
-7
Let a = -2 - -6. Let x(n) be the first derivative of -10 + 1/3*n**3 + 4*n - 3*n**2. Give x(a).
-4
Let a(h) be the second derivative of -h**7/42 - h**6/360 - h**5/120 - h**4/24 + 43*h**3/6 + 13*h. Let b(u) be the second derivative of a(u). What is b(-1)?
19
Let z(y) = -y**3 + 2*y**2 - 3. Let v be z(0). Let a(x) be the first derivative of -2 + x + 1/2*x**2. What is a(v)?
-2
Let o(z) = -z**3 + 5*z**2 - 2*z - 10. Let k(y) = -13*y**2 + 207*y + 19. Let t be k(16). Give o(t).
2
Suppose 3*y - 6*s + 2*s = -11, -4*y + 2*s + 2 = 0. Let j be ((-15)/6 + y)*-2. Let p(r) = -15*r**3 + 1. Calculate p(j).
16
Let n(u) = -74 - 5*u**2 + 49*u**3 + 68 + 5*u - 48*u**3. What is n(4)?
-2
Let r(f) = f**3 - 6*f**2 - 5*f - 4. Suppose l - 3*n - 2 = -4*n, 5*n + 25 = 0. Determine r(l).
10
Let w(y) = y**3 - 2*y**2 - 4*y + 4. Let i(l) = l + 2. Let o be i(0). Let a be w(o). Let x = a + -2. Let g(c) = -c**2 - 5*c + 3. Calculate g(x).
-3
Suppose 3*p - 5*t + 12 = -p, 0 = p - 2*t. Let g = -4 - p. Suppose 5*f = g*z - 40 + 3, -12 = 3*f + z. Let a(n) = n**2 + 5*n - 4. Calculate a(f).
-4
Suppose z + l - 6 = 0, z = 9*l - 8*l. Let u(b) = -5*b + 7. Calculate u(z).
-8
Let c(g) = -g**2 + 7*g - 3. Suppose -y = -6*y + 25. Suppose -13 = 3*v + 5*x, -5*v + 16 + 14 = -2*x. Let u be y + 3 + v/(-2). What is c(u)?
3
Suppose -3*t = 2*x - 12, x - 5*t - 8 = -28. Let i(h) = x*h**3 + 28*h**2 -